2
Suppose 150 = d - 6*j + 8*j, 0 = 3*j - 9. Suppose 0 = -4*c + 14*c + 410. Let v = d - c. List the prime factors of v.
5, 37
Let h = 9656 + -6120. List the prime factors of h.
2, 13, 17
Suppose -6 = -l - 3. Let f(o) = 84*o - 99. Let w be f(8). Suppose -4*s - 3*t = -764, -w = -l*s - 0*t - 3*t. List the prime factors of s.
191
Let a(d) = 35*d**2 + d + 2. Let x be a(-2). Let h = x - -216. Suppose 4*z + 2*n = -z + 891, -n = 2*z - h. List the prime factors of z.
179
Let z be (18/3 + 11)*(-2)/2. Suppose -5*l = u - 65, 0 = u + 2*l - 52 - 13. Let y = z + u. What are the prime factors of y?
2, 3
Let b(d) = -d**3 + 11*d**2 - 7*d + 87. Let l be b(11). Suppose -l*c + 11171 = 561. What are the prime factors of c?
1061
Suppose -772 = 5*j + 888. Let v(m) = -7*m**2 + 187*m - 17. Let d be v(23). Let r = j + d. List the prime factors of r.
3, 83
Suppose 3*u - 96601 = -3*c + 8*u, u = -c + 32219. List the prime factors of c.
2, 8053
Let i(c) = c**3 + 99*c**2 + 515*c + 170. List the prime factors of i(-92).
2, 13, 463
Let t = 6405 - 2293. What are the prime factors of t?
2, 257
Let i be (136/(-2))/(8/(-128)). Suppose 0*p = 17*p - i. What are the prime factors of p?
2
Let q = 9675 - -13095. What are the prime factors of q?
2, 3, 5, 11, 23
Let a be (8/(-4) + 2)/2. Suppose -4*c + 2*z + 326 = a, z = 2*c + 4*z - 159. Let w = c - 62. What are the prime factors of w?
19
Suppose -327*c = -351*c + 5136. What are the prime factors of c?
2, 107
Suppose 22 = 4*k - 0*k + 5*l, 2*k + 3*l - 12 = 0. Suppose -d + k*t = -3*d + 1494, 4*d - 3010 = 5*t. What are the prime factors of d?
2, 3, 5
Let m be (7 + 2 + -5)/(-1) - -225. Let z = 829 - m. What are the prime factors of z?
2, 19
Suppose -12*s + 8750 = -8914. Suppose -4*b - 3*g + s = 0, 2*b = g - 5*g + 746. What are the prime factors of b?
5, 73
Suppose -f - 50 = -2*f. Let u be f/((21/(-18))/(-7)). Suppose j - u = -3*j. List the prime factors of j.
3, 5
Let f(q) = 61*q**2 - 52*q + 194. Let l be f(4). Suppose 1420 = 2*k - l. What are the prime factors of k?
3, 397
Let u(l) = 1198*l**3 - 2*l**2 - 7*l + 9. Let y be u(2). Suppose -y = -22*n + 20965. List the prime factors of n.
2, 347
Suppose 0 = -13*o + 9*o + 20. Let f(g) = g**3 - 5*g**2 - 13*g + 4. Let s be f(o). Let q = -44 - s. What are the prime factors of q?
17
Let w = -34202 + 38302. List the prime factors of w.
2, 5, 41
Let n(x) = 49*x**2 - 1330*x + 66. List the prime factors of n(34).
2, 3, 5, 383
Suppose 19*n = 4006 + 22993. Suppose -4*q + n + 51 = 0. What are the prime factors of q?
2, 23
Let i(c) = -1732*c**3 - 2*c**2 + 6*c + 9. Let s(y) = y**3 - 11*y**2 - 43*y + 13. Let z be s(14). What are the prime factors of i(z)?
1733
Let c(o) be the second derivative of 74*o**3/3 + 13*o**2/2 - 8*o + 1. What are the prime factors of c(2)?
3, 103
Let m(b) = -142*b - 1146. What are the prime factors of m(-32)?
2, 1699
Suppose 102*n + 14*n - 71540 - 3030184 = 0. What are the prime factors of n?
3, 2971
Suppose 0 = -2*p + 3*o + 2999, -7510 = p - 6*p + 5*o. What are the prime factors of p/(-33)*15/(-1)?
5, 137
Suppose -u + 6737 = -5*n + 2*n, -2*u + 13489 = -3*n. What are the prime factors of u?
2, 211
Let q(s) = -3126*s - 12238. List the prime factors of q(-7).
2, 2411
Let y = 8 - -1. Let i = -15 + y. List the prime factors of 16*(2 - i/(-4)).
2
Suppose 101 + 109 = 7*r. List the prime factors of 1848/r + 3/(-5).
61
Let h = -1152 - 118. Let b = -884 - h. List the prime factors of b.
2, 193
Let k(b) be the third derivative of 121*b**4/24 + b**3/6 + 24*b**2. Let j be k(1). Suppose -s + 4*a = 2*a - j, 5*s - 5*a = 620. List the prime factors of s.
2, 3, 7
Let z(g) = -g**3 + 21*g**2 + g - 243. What are the prime factors of z(20)?
3, 59
Let q be (4/3)/((-4)/6). List the prime factors of (-4446)/(-6) - 10/q.
2, 373
Suppose 0 = 11*m - 44*m + 133848. List the prime factors of m.
2, 3, 13
Let y(t) = -t**2 - 53*t + 361. List the prime factors of y(-37).
953
Suppose -y + 57244 = 3*o, -18*y + 15*y = 5*o - 95412. List the prime factors of o.
2, 3, 5, 53
What are the prime factors of (-14 + 2644/8)*-3*(-266)/9?
7, 19, 211
Suppose -o + 37 = -4*p, -o - 27 = -2*o - p. Let a(f) = 19*f**2 - 30 + o + 0*f - 4*f. List the prime factors of a(3).
2, 79
Suppose -28*k = -29*k - 2*i + 22316, 0 = 4*k + i - 89222. What are the prime factors of k?
2, 17, 41
Suppose 9*y - 7*y - 432 = 0. Let o = 582 - y. List the prime factors of o.
2, 3, 61
Let d(o) = 2*o**2 - 21*o. Let m(p) = p**2 + 8*p - 12. Let x be m(-9). Let s be 2 + 1*(-42)/x. List the prime factors of d(s).
2, 11
Suppose g = -2*p - 43, g - 41 = 4*p + 48. Suppose -150 = -2*q + 62. Let y = p + q. List the prime factors of y.
2, 3, 7
Let s(b) = -31283*b - 939. List the prime factors of s(-1).
2, 3793
Let w(l) be the first derivative of -l**4 - 3*l**3 - 7*l**2 - 10*l + 143. List the prime factors of w(-4).
2, 79
Let k(o) = -5*o**2 - 129*o + 41. Let c be k(-37). Let i = c - -2927. What are the prime factors of i?
2, 7
Let m(h) = 27167*h**2 - 102*h - 83. What are the prime factors of m(-1)?
2, 3, 23, 197
Suppose -4*c - 13 = 2*o - 7*c, 4*o - c + 11 = 0. Let a be (105/10 + o)*2. Let b = a - 15. What are the prime factors of b?
2
What are the prime factors of 26183 + 25/(300/216)?
7, 19, 197
Let f = 67 + -64. Suppose k = f*k - 100. Suppose -2*y + y = -k. What are the prime factors of y?
2, 5
Let g(a) = a**3 - 36*a**2 + 3*a - 36. Let p be g(36). Suppose 542 = p*u - 71*u. List the prime factors of u.
2, 271
Suppose -14*z + 96 = 2*z. Let s(t) = 4*t**2 - 2*t - 1. Let a be s(3). List the prime factors of a - (z/(-2) - -1).
31
Suppose -5*y + 28 = -x, -3*y + 21 = -2*x - 0*x. Suppose -2*q + y*q - 2*i - 445 = 0, q + 4*i = 167. Let l = 240 - q. What are the prime factors of l?
89
Let s = -82 - -87. Suppose 10 = -s*z + 35. Suppose -3*g + 30 = -j + 154, -5*g = -z*j + 570. List the prime factors of j.
109
Suppose -412*j = -408*j - 3*z - 20773, -3*j - 2*z + 15567 = 0. List the prime factors of j.
29, 179
Let g be 10/3*(-12)/(-10). Suppose -5*j + 18 = -6*d + g*d, -2*d = -2. Suppose j*u - 3*u = 36. What are the prime factors of u?
2, 3
Let f(b) = 588*b**2 - 50*b - 6. Let c be f(-5). Suppose 6*v = -5542 + c. What are the prime factors of v?
1567
Let j = 358 + -356. Suppose -j*w + 8 = 0, 0 = -5*x - 5*w + w + 3951. What are the prime factors of x?
787
Suppose -4*p + 20 = 0, -5*v - 330 = -p + 930. Let u = v - -372. What are the prime factors of u?
11
List the prime factors of (1/3)/(97/2161257).
7, 1061
Suppose 5*y - 5*n = 0, -2*y + 4 = y - 5*n. List the prime factors of -2 + 0 - (-1 - y)*-226.
2, 7
Let a(l) = -l**3 - 11*l**2 - 12*l. Let d be a(-10). Let b(t) = 12*t - 109. Let k(o) = -5*o + 55. Let q(w) = 4*b(w) + 7*k(w). What are the prime factors of q(d)?
11, 19
Let w = 13565 + -6911. List the prime factors of w.
2, 3, 1109
Let o(m) = 114*m**2 + 85*m - 21. List the prime factors of o(9).
2, 3, 1663
Suppose 36*y - 86 = -14. Suppose 4*c - 618 - 138 = -2*j, 0 = -y*j - 4. List the prime factors of c.
2, 5, 19
Suppose 243539 = 60*j - 111901. List the prime factors of j.
2, 1481
Let r = 21796 - 9242. What are the prime factors of r?
2, 6277
Let x = 8196 + -4306. Suppose 17*a + x = 27*a. What are the prime factors of a?
389
Let s = -335 + 368. List the prime factors of (s + 143)*34/8.
2, 11, 17
Suppose 5*f + 7*w - 1220 = 2*w, 4*f - 976 = -w. Let v = 78 + f. List the prime factors of v.
2, 7, 23
Suppose -8 = -2*z - 42. Let y(x) = -5*x - 39 - x - x**2 - 13*x - 4*x. List the prime factors of y(z).
3, 7
Let l = -185 - -189. Suppose -10*i = -12*i - 2*n + 848, -l*n = -5*i + 2084. List the prime factors of i.
2, 3, 5, 7
Suppose -t - f - 4 = 0, -2*t + 5*t = 5*f - 4. Let i = t - 23. Let d = -11 - i. List the prime factors of d.
3, 5
Suppose -16 = -3*q - 1. Let w be (1 - -1)*(q + (-3)/1). Let m(p) = p**3 + 3*p**2 + 5*p - 2. List the prime factors of m(w).
2, 5, 13
Suppose 290372 = 14*n + 39654 - 434204. List the prime factors of n.
7, 29, 241
Let s(d) = 348*d**2 - 11*d + 112. List the prime factors of s(-8).
2, 53
Let l be -1 - 0 - (-522 + -6 + 1). Suppose 2*r - l = 362. What are the prime factors of r?
2, 3, 37
Let c(k) = 121*k. Let r be c(7). Suppose 0 = -94*o - 898 + 25526. Suppose -9*m + r = o. List the prime factors of m.
5, 13
Let s(r) = -1936*r - 45. What are the prime factors of s(-3)?
3, 17, 113
